usands digit of 1685?
1
What is the thousands digit of 160882?
0
What is the units digit of 1776?
6
What is the units digit of 9086?
6
What is the tens digit of 43312?
1
What is the tens digit of 24539?
3
What is the hundreds digit of 1125?
1
What is the units digit of 11741?
1
What is the hundreds digit of 70797?
7
What is the ten thousands digit of 68149?
6
What is the hundreds digit of 17973?
9
What is the ten thousands digit of 19328?
1
What is the hundreds digit of 255?
2
What is the units digit of 21378?
8
What is the thousands digit of 3928?
3
What is the units digit of 16529?
9
What is the ten thousands digit of 42108?
4
What is the hundreds digit of 14821?
8
What is the tens digit of 5301?
0
What is the tens digit of 25848?
4
What is the ten thousands digit of 57372?
5
What is the tens digit of 396?
9
What is the tens digit of 28841?
4
What is the thousands digit of 1618?
1
What is the hundreds digit of 2583?
5
What is the hundreds digit of 9488?
4
What is the hundreds digit of 11539?
5
What is the hundreds digit of 274?
2
What is the ten thousands digit of 16229?
1
What is the units digit of 8476?
6
What is the units digit of 222?
2
What is the thousands digit of 2146?
2
What is the tens digit of 71492?
9
What is the tens digit of 4151?
5
What is the thousands digit of 59766?
9
What is the units digit of 33029?
9
What is the thousands digit of 52616?
2
What is the tens digit of 73997?
9
What is the thousands digit of 31086?
1
What is the units digit of 8449?
9
What is the tens digit of 865?
6
What is the tens digit of 65314?
1
What is the hundreds digit of 25309?
3
What is the hundreds digit of 482?
4
What is the tens digit of 2840?
4
What is the units digit of 1228?
8
What is the units digit of 374?
4
What is the tens digit of 1314?
1
What is the tens digit of 720?
2
What is the tens digit of 1788?
8
What is the ten thousands digit of 16343?
1
What is the tens digit of 3294?
9
What is the thousands digit of 9543?
9
What is the tens digit of 959?
5
What is the hundreds digit of 422?
4
What is the tens digit of 5233?
3
What is the tens digit of 3554?
5
What is the hundreds digit of 867?
8
What is the tens digit of 745?
4
What is the tens digit of 234?
3
What is the units digit of 31810?
0
What is the tens digit of 653?
5
What is the units digit of 106?
6
What is the tens digit of 34060?
6
What is the tens digit of 12195?
9
What is the tens digit of 4753?
5
What is the hundreds digit of 28049?
0
What is the thousands digit of 3898?
3
What is the hundreds digit of 3325?
3
What is the hundreds digit of 633?
6
What is the hundreds digit of 7317?
3
What is the ten thousands digit of 21573?
2
What is the units digit of 4052?
2
What is the hundreds digit of 775?
7
What is the units digit of 57425?
5
What is the tens digit of 595?
9
What is the tens digit of 22178?
7
What is the tens digit of 3691?
9
What is the units digit of 36379?
9
What is the tens digit of 291?
9
What is the hundreds digit of 560?
5
What is the thousands digit of 1233?
1
What is the hundreds digit of 2334?
3
What is the ten thousands digit of 32044?
3
What is the units digit of 695?
5
What is the thousands digit of 5035?
5
What is the thousands digit of 1071?
1
What is the tens digit of 61571?
7
What is the ten thousands digit of 22854?
2
What is the units digit of 869?
9
What is the units digit of 766?
6
What is the hundreds digit of 1125?
1
What is the units digit of 3111?
1
What is the thousands digit of 50401?
0
What is the units digit of 733?
3
What is the units digit of 6262?
2
What is the hundreds digit of 619?
6
What is the thousands digit of 1291?
1
What is the tens digit of 38647?
4
What is the tens digit of 40822?
2
What is the hundreds digit of 1441?
4
What is the units digit of 18930?
0
What is the units digit of 921?
1
What is the tens digit of 3313?
1
What is the tens digit of 36?
3
What is the ten thousands digit of 34737?
3
What is the thousands digit of 3152?
3
What is the tens digit of 520?
2
What is the ten thousands digit of 19881?
1
What is the tens digit of 45476?
7
What is the thousands digit of 198831?
8
What is the units digit of 2142?
2
What is the units digit of 692?
2
What is the units digit of 7431?
1
What is the ten thousands digit of 14459?
1
What is the tens digit of 88?
8
What is the units digit of 24949?
9
What is the tens digit of 63825?
2
What is the ten thousands digit of 26010?
2
What is the hundreds digit of 859?
8
What is the hundreds digit of 13714?
7
What is the thousands digit of 7755?
7
What is the units digit of 675?
5
What is the thousands digit of 11902?
1
What is the units digit of 187?
7
What is the tens digit of 276?
7
What is the thousands digit of 8597?
8
What is the thousands digit of 33541?
3
What is the tens digit of 17667?
6
What is the tens digit of 118359?
5
What is the hundreds digit of 1068?
0
What is the units digit of 877?
7
What is the hundreds digit of 596?
5
What is the thousands digit of 29121?
9
What is the thousands digit of 22800?
2
What is the thousands digit of 1465?
1
What is the tens digit of 7449?
4
What is the hundreds digit of 10339?
3
What is the tens digit of 4704?
0
What is the hundreds digit of 1448?
4
What is the units digit of 6824?
4
What is the tens digit of 93306?
0
What is the ten thousands digit of 115068?
1
What is the units digit of 7072?
2
What is the units digit of 845?
5
What is the thousands digit of 75633?
5
What is the units digit of 10366?
6
What is the hundreds digit of 53458?
4
What is the ten thousands digit of 19832?
1
What is the units digit of 7031?
1
What is the tens digit of 506?
0
What is the tens digit of 5316?
1
What is the units digit of 961?
1
What is the ten thousands digit of 10337?
1
What is the tens digit of 10871?
7
What is the tens digit of 43680?
8
What is the thousands digit of 26778?
6
What is the thousands digit of 4852?
4
What is the tens digit of 1416?
1
What is the units digit of 5049?
9
What is the thousands digit of 5129?
5
What is the tens digit of 2949?
4
What is the thousands digit of 1055?
1
What is the tens digit of 1327?
2
What is the thousands digit of 16280?
6
What is the thousands digit of 22850?
2
What is the units digit of 1537?
7
What is the units digit of 73460?
0
What is the hundreds digit of 14256?
2
What is the tens digit of 598?
9
What is the tens digit of 13143?
4
What is the tens digit of 49113?
1
What is the ten thousands digit of 41144?
4
What is the ten thousands digit of 24560?
2
What is the hundreds digit of 4906?
9
What is the units digit of 16957?
7
What is the units digit of 46530?
0
What is the hundreds digit of 20118?
1
What is the tens digit of 8687?
8
What is the tens digit of 3679?
7
What is the units digit of 4816?
6
What is the units digit of 145?
5
What is the tens digit of 865?
6
What is the tens digit of 1033?
3
What is the hundreds digit of 9315?
3
What is the tens digit of 8345?
4
What is the tens digit of 155473?
7
What is the ten thousands digit of 13405?
1
What is the units digit of 442?
2
What is the units digit of 4458?
8
What is the tens digit of 1949?
4
What is the tens digit of 25?
2
What is the thousands digit of 3331?
3
What is the ten thousands digit of 42619?
4
What is the hundreds digit of 20766?
7
What is the hundreds digit of 8680?
6
What is the units digit of 42501?
1
What is the hundreds digit of 944?
9
What is the thousands digit of 39289?
9
What is the ten thousands digit of 42167?
4
What is the hundreds digit of 14639?
6
What is the hundreds digit of 120?
1
What is the tens digit of 1283?
8
What is the thousands digit of 9053?
9
What is the units digit of 7?
7
What is the thousands digit of 69553?
9
What is the tens digit of 1737?
3
What is the ten thousands digit of 20258?
2
What is the units digit of 1712?
2
What is the hundreds digit of 47639?
6
What is the units digit of 979?
9
What is the thousands digit of 17060?
7
What is the hundreds digit of 1419?
4
What is the units digit of 2190?
0
What is the tens digit of 11044?
4
What is the tens digit of 603?
0
What is the units digit of 1862?
2
What is the units digit of 80304?
4
What is the hundreds digit of 81933?
9
What is the tens digit of 2111?
1
What is the units digit of 220?
0
What is the hundreds digit of 7151?
1
What is the te